{"id":85,"date":"2011-06-23T22:53:30","date_gmt":"2011-06-23T19:53:30","guid":{"rendered":"http:\/\/euclidafterschool.ro\/?page_id=85"},"modified":"2025-08-26T18:05:26","modified_gmt":"2025-08-26T16:05:26","slug":"acasa","status":"publish","type":"page","link":"https:\/\/euclidafterschool.ro\/","title":{"rendered":"Acasa"},"content":{"rendered":"<h3 style=\"text-align: center;\"><strong><em><span style=\"color: #000000;\">&#8222;Matematica este limba cu care Dumnezeu a scris universul.&#8221; <\/span><\/em><\/strong><span style=\"color: #000000;\"><strong><em>(Galileo Galilei)<\/em><\/strong><\/span><\/h3>\n<h1 style=\"text-align: center;\"><span style=\"color: #ff0000;\"><strong>EUCLID AFTERSCHOOL<\/strong><\/span><\/h1>\n<h2 style=\"margin: auto; padding-bottom: 5px; text-align: center;\">\ud83d\udfe8<\/h2>\n<h1 style=\"text-align: center;\"><strong><span style=\"color: #ff0000;\">AU <\/span><span style=\"color: #ff0000;\">\u00ce<\/span><span style=\"color: #ff0000;\">NCEPUT \u00ceNSCRIERILE <\/span><\/strong><strong><span style=\"color: #ff0000;\">PENTRU ANUL \u0218COLAR<\/span><\/strong><\/h1>\n<h1 style=\"text-align: center;\"><strong><span style=\"color: #ff0000;\">2025 &#8211; 2026<\/span><\/strong><\/h1>\n<p style=\"text-align: center;\">\n<h2 style=\"margin: auto; padding-bottom: 5px; text-align: center;\"><span style=\"color: #ff0000;\">! Locurile sunt limitate !<\/span><\/h2>\n<h2 style=\"margin: auto; padding-bottom: 5px; text-align: center;\"><span style=\"color: #ff0000;\">! <\/span><span style=\"color: #ff0000;\">Grupele au maxim 8 copii !<\/span><\/h2>\n<h2 style=\"margin: auto; padding-bottom: 5px; text-align: center;\"><span style=\"color: #ff0000;\">! <\/span><span style=\"color: #ff0000;\">Buc<strong>\u0103<\/strong>t<strong>\u0103<\/strong>rie proprie avizat<strong>\u0103 <\/strong>cu control strict al\u00a0normelor de igien<strong>\u0103 !<\/strong><\/span><\/h2>\n<h2 style=\"margin: auto; padding-bottom: 5px; text-align: center;\"><\/h2>\n<h2 style=\"margin: auto; padding-bottom: 5px; text-align: center;\"><\/h2>\n<div style=\"margin: auto;\"><\/div>\n<h2 style=\"text-align: center;\"><strong><span style=\"color: #ff0000;\">Alternativa Educa\u0163ional\u0103 pentru\u00a0copilul t\u0103u<\/span><\/strong><\/h2>\n<h3 style=\"text-align: center;\"><span style=\"color: #000000;\">Realizarea temelor pentru \u0219coal\u0103<\/span><\/h3>\n<h3 style=\"text-align: center;\"><span style=\"color: #000000;\">Exersarea suplimentar\u0103 la Matematic\u0103 \u0219i Limba <\/span><span style=\"color: #000000;\">\u0219<\/span><span style=\"color: #000000;\">i literatura rom\u00e2n\u0103<\/span><\/h3>\n<h3 style=\"text-align: center;\"><span style=\"color: #000000;\">Strategii personalizate pentru cre\u0219terea performan\u021belor \u0219colare<\/span><\/h3>\n<h3 style=\"text-align: center;\"><span style=\"color: #000000;\">Activit\u0103\u021bi recreative<\/span><\/h3>\n<h2 style=\"text-align: center;\"><\/h2>\n<h2 style=\"clear: both; text-align: center;\"><strong>\u00a0<span style=\"color: #ff0000;\">Alege programele Euclid<\/span><span style=\"color: #ff0000;\">!<\/span><\/strong><\/h2>\n<h3 style=\"text-align: center;\"><span style=\"color: #000000;\">La noi copilul t\u0103u va avea parte de cea mai bun\u0103 preg\u0103tire \u0219i orientare \u0219colar\u0103<\/span><\/h3>\n<h3 style=\"text-align: center;\"><span style=\"color: #000000;\">\u00cendrumare \u0219i supraveghere de c\u0103tre cadre didactice pe parcursul\u00a0programului<\/span><\/h3>\n<h3 style=\"text-align: center;\"><span style=\"color: #000000;\">Rezultatele elevilor no\u0219tri sunt cartea noastr\u0103 de vizit\u0103!<\/span><\/h3>\n<div style=\"margin: auto; margin-bottom: 5px;\">\n<div style=\"float: left; width: 935px;\">\n<hr \/>\n<h2 style=\"text-align: center;\"><span style=\"color: #ff0000;\"><strong>Ne g\u0103se\u0219ti \u00een oaza noastr\u0103 de verdea\u021b\u0103 din centrul Bucure\u0219tiului!<\/strong><\/span><\/h2>\n<h3 style=\"text-align: center;\"><span style=\"color: #000000;\">Str. Olari 23A, Sector 2, Bucure\u015fti<\/span><\/h3>\n<h3 style=\"text-align: center;\"><span style=\"color: #000000;\">Zona Foi\u015forul de Foc &#8211; Izvorul Rece<\/span><\/h3>\n<h3 style=\"text-align: center;\"><span style=\"color: #000000;\">\u00cen proximitatea \u015ecolilor Generale 19, 23, 49, 50, 52, 56, 71, 79, 85, 186, 307, \u015ecoala Central\u0103<\/span><\/h3>\n<\/div>\n<div style=\"float: left; width: 935px;\">\n<h2 style=\"margin: auto; padding-bottom: 5px; text-align: center;\">\ud83d\udfe8<\/h2>\n<h2 style=\"text-align: center;\"><span style=\"color: #000000;\"><strong>Telefon: <a style=\"color: #000000;\" href=\"tel: 0040722724115\">0722.724.115<\/a><\/strong><\/span><\/h2>\n<h2 style=\"text-align: center;\"><strong><span style=\"color: #000000;\">Email:<\/span> <a href=\"mailto:office@euclidafterschool.ro?subject=Info\">office@euclidafterschool.ro<\/a><\/strong><\/h2>\n<\/div>\n<\/div>\n","protected":false},"excerpt":{"rendered":"<p>&#8222;Matematica este limba cu care Dumnezeu a scris universul.&#8221; (Galileo Galilei) EUCLID AFTERSCHOOL \ud83d\udfe8 AU \u00ceNCEPUT \u00ceNSCRIERILE PENTRU ANUL \u0218COLAR 2025 &#8211; 2026 ! Locurile sunt limitate ! ! Grupele au maxim 8 copii ! ! Buc\u0103t\u0103rie proprie avizat\u0103 cu control strict al\u00a0normelor de igien\u0103 ! Alternativa Educa\u0163ional\u0103 pentru\u00a0copilul t\u0103u Realizarea temelor pentru \u0219coal\u0103 Exersarea [&hellip;]<\/p>\n","protected":false},"author":1,"featured_media":0,"parent":0,"menu_order":0,"comment_status":"closed","ping_status":"closed","template":"","meta":{"_mi_skip_tracking":false,"_monsterinsights_sitenote_active":false,"_monsterinsights_sitenote_note":"","_monsterinsights_sitenote_category":0},"_links":{"self":[{"href":"https:\/\/euclidafterschool.ro\/index.php?rest_route=\/wp\/v2\/pages\/85"}],"collection":[{"href":"https:\/\/euclidafterschool.ro\/index.php?rest_route=\/wp\/v2\/pages"}],"about":[{"href":"https:\/\/euclidafterschool.ro\/index.php?rest_route=\/wp\/v2\/types\/page"}],"author":[{"embeddable":true,"href":"https:\/\/euclidafterschool.ro\/index.php?rest_route=\/wp\/v2\/users\/1"}],"replies":[{"embeddable":true,"href":"https:\/\/euclidafterschool.ro\/index.php?rest_route=%2Fwp%2Fv2%2Fcomments&post=85"}],"version-history":[{"count":142,"href":"https:\/\/euclidafterschool.ro\/index.php?rest_route=\/wp\/v2\/pages\/85\/revisions"}],"predecessor-version":[{"id":529,"href":"https:\/\/euclidafterschool.ro\/index.php?rest_route=\/wp\/v2\/pages\/85\/revisions\/529"}],"wp:attachment":[{"href":"https:\/\/euclidafterschool.ro\/index.php?rest_route=%2Fwp%2Fv2%2Fmedia&parent=85"}],"curies":[{"name":"wp","href":"https:\/\/api.w.org\/{rel}","templated":true}]}}